{"id":90,"date":"2025-12-12T10:37:26","date_gmt":"2025-12-12T10:37:26","guid":{"rendered":"https:\/\/t-silikon.com\/shop\/?post_type=product&#038;p=90"},"modified":"2025-12-12T10:37:50","modified_gmt":"2025-12-12T10:37:50","slug":"usb-silikon-bileklik-usb001","status":"publish","type":"product","link":"https:\/\/t-silikon.com\/shop\/product\/usb-silikon-bileklik-usb001\/","title":{"rendered":"USB Silikon Bileklik USB001"},"content":{"rendered":"<p>[contact-form-7 id=&#8221;1689&#8243; title=&#8221;Contact&#8221;]<\/p>\n","protected":false},"excerpt":{"rendered":"<p><strong>\u00dcr\u00fcn Kodu : USB001<\/strong><\/p>\n<p>17 mm geni\u015fli\u011findeki bu bilekli\u011fimize USB tak\u0131l\u0131 olup, b\u00fct\u00fcn bilgilerinizi bile\u011finizde ta\u015f\u0131man\u0131za elveri\u015fli hale getirdik.<br \/>\n%100 silikon malzemeden \u00fcretilmi\u015ftir.<br \/>\nSilikon bileklikleri, farkl\u0131 renkler ile firman\u0131z veya \u015fahs\u0131n\u0131za uygun \u00f6zelle\u015ftirebilirsiniz.<br \/>\n\u0130ste\u011finize \u00f6zel olarak pantone rengi ile \u00fcretim yap\u0131labilir.<\/p>\n<p>Minimum Sipari\u015f : 100 adet<\/p>\n<p>\u00d6l\u00e7\u00fc : 202*17*2<\/p>\n<p><img fetchpriority=\"high\" decoding=\"async\" class=\"alignnone wp-image-2342\" src=\"http:\/\/www.t-silikon.com\/wp-content\/uploads\/2015\/03\/renk-kartelasi.png\" alt=\"renk-kartelasi\" width=\"249\" height=\"203\" \/><\/p>\n","protected":false},"featured_media":152,"template":"","meta":{"pagelayer_contact_templates":[],"_pagelayer_content":""},"product_brand":[],"product_cat":[16,44],"product_tag":[19,45],"class_list":{"0":"post-90","1":"product","2":"type-product","3":"status-publish","4":"has-post-thumbnail","6":"product_cat-silikon-bileklik","7":"product_cat-usb-bilezik","8":"product_tag-silikon-bileklik","9":"product_tag-usb-silikon-bileklik","11":"first","12":"instock","13":"shipping-taxable","14":"product-type-simple"},"_links":{"self":[{"href":"https:\/\/t-silikon.com\/shop\/wp-json\/wp\/v2\/product\/90","targetHints":{"allow":["GET"]}}],"collection":[{"href":"https:\/\/t-silikon.com\/shop\/wp-json\/wp\/v2\/product"}],"about":[{"href":"https:\/\/t-silikon.com\/shop\/wp-json\/wp\/v2\/types\/product"}],"wp:featuredmedia":[{"embeddable":true,"href":"https:\/\/t-silikon.com\/shop\/wp-json\/wp\/v2\/media\/152"}],"wp:attachment":[{"href":"https:\/\/t-silikon.com\/shop\/wp-json\/wp\/v2\/media?parent=90"}],"wp:term":[{"taxonomy":"product_brand","embeddable":true,"href":"https:\/\/t-silikon.com\/shop\/wp-json\/wp\/v2\/product_brand?post=90"},{"taxonomy":"product_cat","embeddable":true,"href":"https:\/\/t-silikon.com\/shop\/wp-json\/wp\/v2\/product_cat?post=90"},{"taxonomy":"product_tag","embeddable":true,"href":"https:\/\/t-silikon.com\/shop\/wp-json\/wp\/v2\/product_tag?post=90"}],"curies":[{"name":"wp","href":"https:\/\/api.w.org\/{rel}","templated":true}]}}